pose -74 = 67*b - 275. What is the greatest common divisor of b and 105?
3
Let i(r) = 3*r**2 - 5*r + 8. Let k be i(7). Suppose 39*v = 34*v + k. Calculate the greatest common divisor of 8 and v.
8
Let l = 17 + -2. Let c = -994 - -997. Calculate the greatest common divisor of c and l.
3
Suppose n + 0*n = 4. Suppose 2*j - n = -0. Suppose 13 = -j*a + 33. What is the greatest common factor of a and 20?
10
Let l be (-1)/(-3) + 210/18. Suppose -4 = -r + 2*r, 0 = 3*g + r - 176. What is the greatest common divisor of l and g?
12
Let h = -51 + 49. Let u be 3/(-24)*-68 + 1/h. What is the highest common divisor of 88 and u?
8
Let s(l) = 5*l**2 + 7*l + 1. Let i be s(-5). What is the highest common divisor of i and 91?
91
Suppose 53*r - 2926 = -80*r. Let g(k) = -51*k + 1. Let i be g(-2). Let p = 73 + i. Calculate the greatest common factor of r and p.
22
Suppose -3*a + 31 = 88. Let l be -62 - (-12)/(4 + 0). Let w = a - l. Calculate the greatest common divisor of w and 5.
5
Let g be 0/(-7) - (-2 + 5)*-2. Let a = 14 - g. What is the highest common divisor of 128 and a?
8
Suppose 33 + 30 = 3*f. Let d be ((-11)/(-33))/((-2)/8)*3. Let w be (3 - 0)*d/(-12) + 104. Calculate the highest common factor of w and f.
21
Let r = 122 - 36. Suppose -r + 466 = 5*w. Suppose -w - 32 = -6*b. What is the greatest common factor of b and 2?
2
Suppose 3*d + 4 - 73 = 0. What is the greatest common factor of d and 23?
23
Let l(b) = -5*b - 23. Let o be l(-7). Let j(w) = 5*w - 67. Let u be j(17). What is the greatest common divisor of u and o?
6
Suppose m = -2*x + 312, 3*x - 165 = -3*m + 309. What is the greatest common factor of x and 264?
22
Suppose 0 = 3*m - 2 - 61. Let j = -3 - -3. Suppose j = s - 15 - 6. What is the greatest common factor of m and s?
21
Let j = -3 - 11. Let y = 56 + j. Suppose -1 = w - 8. Calculate the greatest common divisor of w and y.
7
Let p(y) = y**3 + 23*y**2 - 2*y - 46. Let g be p(-23). Suppose g = -w - 5*w + 42. Calculate the highest common divisor of w and 56.
7
Let b = -1609 - -1736. What is the greatest common factor of b and 1?
1
Suppose 0 = 3*n + 7 - 16. Suppose 2*b + 3*t - 23 = 2*t, -b + n*t + 1 = 0. Calculate the greatest common factor of b and 40.
10
Let c be (260/(-12) + 3)*-6. Let a be (-8)/2 + (-2)/(-2). Let o = 17 + a. What is the greatest common divisor of c and o?
14
Suppose 4*c = -x + 139, -35*x + 96 = 3*c - 37*x. What is the highest common divisor of c and 629?
17
Let s = -8 - -11. Suppose -85 = -3*y + 2*b + 69, 5*y - s*b = 255. Suppose 2*t = y + 24. What is the greatest common factor of t and 108?
36
Let g(l) = 51*l - 551. Let u be g(13). What is the greatest common divisor of 21 and u?
7
Suppose 20*y - 12795 = -1355. What is the highest common factor of y and 52?
52
Let x be (13 + -12)*(-2 + -3 + 80). Calculate the highest common divisor of 475 and x.
25
Let b = 2 + 19. Let p = b - -27. Calculate the highest common factor of p and 12.
12
Suppose 0*i - 16 = -5*f + 2*i, -2*f = -2*i - 4. Suppose 52 = f*q - 20. What is the highest common factor of 9 and q?
9
Suppose 4*n = -3*b + 61, 0*n + 2*b = 4*n - 66. Suppose -2*i + 5*r + 1 = -38, -5*r - 103 = -4*i. What is the greatest common factor of n and i?
16
Suppose 193 + 66 = 2*j - 5*u, 5*j - 2*u = 595. Calculate the highest common divisor of 13 and j.
13
Suppose 0 = -3*z - 4*h + 468, h + 483 = z + 2*z. Let r = -18 + 38. Calculate the highest common divisor of z and r.
20
Suppose -17 = -7*b + 18. Suppose b*z = 135 + 70. Calculate the highest common divisor of 287 and z.
41
Suppose 3*c + 2*l = -54 + 198, 5*c - 265 = 5*l. Let i(f) = -f**3 + 4*f**2 + 6*f + 5. Let j be i(5). What is the highest common divisor of c and j?
10
Let c = 32 + -29. Let w(d) = d**3 + 3*d - 5. Let a be w(c). Let b = 17 + a. Calculate the greatest common factor of b and 32.
16
Let b be -1*(7/28 - (-110)/8). Let p = b + 36. Let t(w) = 6*w + 8. Let o be t(6). What is the greatest common divisor of o and p?
22
Suppose -6*j + 0 = -18. Suppose -5*q - 36 = -3*c - 2*q, -c + j*q + 18 = 0. Calculate the highest common factor of c and 36.
9
Let o(d) = 4*d**2 + 44*d + 1. Let x be o(9). Calculate the highest common factor of x and 206.
103
Let v(x) = 2*x**3 + 12*x**2 + 10*x. Suppose -4*o = -20, -i - 4*i - 3*o = 5. Let t be v(i). Calculate the highest common factor of t and 36.
12
Suppose 5*o - 85 = 3*f, -3*o - 4*f + 32 = -2*f. Let n(x) = -2*x + 32. Let q be n(o). Calculate the greatest common divisor of q and 4.
4
Let s(c) = -17*c + 406. Let n be s(23). What is the greatest common divisor of n and 345?
15
Suppose 398*z + 950 = 403*z. What is the highest common divisor of 76 and z?
38
Let g be 2/(-4)*-3 + (-60)/(-8). Suppose 0 = 3*b - g, 13 = -3*v + v + 5*b. What is the highest common divisor of v and 17?
1
Let p be (-6 - -213)*(-1)/(-3). Suppose -13 = g - p. What is the greatest common divisor of 24 and g?
8
Suppose -17*t = -21*t + 8. Suppose 0 = 2*z - z - t. What is the highest common factor of 10 and z?
2
Suppose -2*i = -3*i - 1. Let l be -4 - (4 + -88 + i). Calculate the greatest common factor of 27 and l.
27
Let j(i) = i + 4. Let r be j(-3). Let c = r - -15. Suppose 0 = -w + 4*z - 12, -w + 3*z - 47 = -5*w. Calculate the highest common factor of w and c.
8
Let u = -29 + 54. Let r = u + 30. Suppose 5*p = -4*m + 79 + 15, 4*m + 16 = 0. What is the greatest common factor of r and p?
11
Suppose -35 = -3*o - 11. Let g = o + -15. Let t be (-4)/g + (-1272)/(-28). Calculate the greatest common factor of t and 115.
23
Let l(q) = -q**3 - q + 1917. Let b be l(0). Calculate the greatest common divisor of b and 71.
71
Let r(m) = 5*m + 27. Let j be r(-7). Let k = 26 + j. What is the highest common factor of k and 12?
6
Let l = -4 + 151. What is the greatest common factor of 21 and l?
21
Let x be (-15)/60 + -4 + 50/8. What is the highest common factor of x and 47?
1
Let c be (10/6)/((-42)/(-126)). What is the greatest common divisor of 65 and c?
5
Let j = -17 + 4. Let s = j - -28. Calculate the highest common divisor of 5 and s.
5
Let h be (3 + 8/(-4))*(1 - -15). What is the greatest common factor of h and 8?
8
Suppose -3*p = -2*b + 10, p + 6*b + 2 = 7*b. Let m be 355/20 - p/(-8). What is the highest common divisor of 17 and m?
17
Let r be 110 + (1 + -1)/(-3). Let v = r - 40. Calculate the greatest common factor of 20 and v.
10
Suppose 77*s = 76*s + 30. Let k = 19 - 5. Let z be 2/7 + 206/k. What is the highest common divisor of s and z?
15
Suppose -z - 16 = 5*h, 0 = h - 3*z + 5*z - 4. Let i = h - -4. Suppose -2*g + i*q + 6 = -3*q, 2*g - q = 14. What is the greatest common factor of 45 and g?
9
Suppose 0 = -2*w + 9 + 1. Suppose 5*b - 12 = -2. Suppose -b*s - 5*y + 75 = -0*y, -3*s = 2*y - 129. What is the highest common factor of s and w?
5
Let u(q) = q**2 - 12*q + 12. Let l be u(12). Suppose 0 = 3*a + w - 45, -4*a + 67 = -2*w + w. Calculate the greatest common factor of a and l.
4
Let x = -225 - -252. Calculate the highest common factor of x and 18.
9
Suppose -2*n = 4*d + 28, -5*n + 4*d + 21 = 133. Let u be n/100 + 16/5. Calculate the greatest common factor of u and 21.
3
Suppose 3*j + 3*k = -6, 2*j - 6*k - 12 = -4*k. Let a = j - 0. Suppose -8 = -4*p + a*p. Calculate the greatest common divisor of p and 1.
1
Suppose -3*p = -8*p + 1320. Let n = -88 + p. Let a be 33*1*12/18. What is the greatest common divisor of a and n?
22
Let w be 5 + (8/2 - 6). Suppose -j + 1 = -w*t - 2*t, j - 7 = -t. What is the highest common divisor of 9 and j?
3
Suppose -20 = -0*m - 10*m. Suppose 4*u - 41 = 3*p, -13 = -2*u + 5*p - m*p. What is the highest common factor of u and 14?
14
Let n be (30/(-20))/((-3)/44). Suppose 1034 = 8*y - n. What is the highest common divisor of y and 12?
12
Let z = 131 - 120. What is the greatest common divisor of z and 781?
11
Let s be (15/2)/(2/4 - 0). Let m be s*((-43)/(-5) + -2). What is the highest common divisor of m and 9?
9
Suppose 2*y + 5*k = 17, -16 = 3*y - 4*y - 5*k. Let q(t) = -6 + 4 + 4*t + 3. Let l be q(y). What is the highest common divisor of l and 25?
5
Let k(f) = 3*f + 4. Let r = 5 + -5. Let g be k(r). Calculate the highest common factor of g and 8.
4
Let r = 58 + -44. Let z(a) = -2*a**2 - 6*a - 1. Let q be z(-4). Let w be 187/9 - 2/q. What is the highest common factor of w and r?
7
Suppose 3*n = 5*r - 1531, 0*r - 4*n - 912 = -